t b(j) = -j - 197. Determine b(-58).
-139
Let d(v) = -25*v**2 - 39*v - 74. Calculate d(-2).
-96
Let h(o) = -o**3 + 8*o**2 - 22*o + 142. Determine h(9).
-137
Let a(z) = -24*z - 27. Give a(-10).
213
Let m(h) = -976*h + 117131. Determine m(120).
11
Let t(i) = i**3 + 14*i**2 + 29*i + 48. What is t(-12)?
-12
Let h(n) = 25*n - 179. Calculate h(11).
96
Let j(r) = 20*r**2 - 132*r + 86. Determine j(6).
14
Let n(l) = -l**3 - 36*l**2 - 66*l + 73. What is n(-34)?
5
Let y(u) = u**3 - 71*u**2 + 1173*u - 124. Give y(45).
11
Let d(h) = 10*h**2 - 14*h - 30. Give d(-3).
102
Let b(r) = -r**3 - 71*r**2 - 145*r - 244. Calculate b(-69).
239
Let c(d) = -2*d**2 + 168*d - 2383. Give c(18).
-7
Let l(d) = -4*d**2 + 19*d + 10. Calculate l(8).
-94
Let n(f) = 19*f**2 - 9980*f - 9982. Give n(-1).
17
Let u(s) = 2*s**2 + 22*s - 78. Calculate u(6).
126
Let x(p) = -49*p**2 - 8*p + 8. Give x(1).
-49
Let t(k) = k**3 - 49*k**2 + 22*k - 1080. Determine t(49).
-2
Let z(w) = 14*w + 60. Calculate z(11).
214
Let h(t) = 64*t - 1276. Calculate h(20).
4
Let i(b) = -23*b**3 + 2*b**2 + 6*b + 3. What is i(-1)?
22
Let i(s) = -s**3 - 11*s**2 + 215*s + 4. What is i(10)?
54
Let k(z) = 20*z**2 - 122*z + 112. Give k(5).
2
Let o(x) = 45*x - 253. What is o(6)?
17
Let k(d) = -2*d**2 - 15*d - 58. Calculate k(-9).
-85
Let i(a) = a**3 + 4*a**2 - 51*a - 54. Calculate i(-9).
0
Let p(j) = -16631*j - 83196. Give p(-5).
-41
Let o(l) = -3*l**2 + 170*l + 2081. Calculate o(67).
4
Let y(i) = i**3 + 23*i**2 - 286*i + 83. Calculate y(-32).
19
Let z(l) = l**3 + 42*l**2 - 26*l + 735. Give z(-43).
4
Let c(y) = -3*y**3 + 15*y**2 + 262*y - 399. Determine c(-8).
1
Let s(o) = 4*o**2 + 11*o - 220. Determine s(11).
385
Let k(n) = -n**3 + 3*n**2 + 4*n - 16. Determine k(-3).
26
Let w(j) = j**2 - 13*j + 13. Determine w(6).
-29
Let y(n) = 12*n**2 - 44*n - 44. Calculate y(-1).
12
Let z(u) = u**2 + 30*u + 262. Give z(-15).
37
Let n(t) = -570*t + 10250. Give n(18).
-10
Let t(d) = 88*d - 52. Give t(-3).
-316
Let u(s) = -s**3 + 11*s**2 - 26*s + 77. Calculate u(8).
61
Let p(r) = -r**3 + 7*r**2 + 22*r - 46. Give p(6).
122
Let d(o) = 3*o**3 - 56*o**2 - 61*o + 1750. Give d(18).
4
Let q(k) = -201*k - 602. Calculate q(-3).
1
Let b(y) = 8*y**2 - 8*y. What is b(2)?
16
Let k(y) = 64*y + 159. What is k(-3)?
-33
Let f(u) = 43*u + 270. Calculate f(-7).
-31
Let a(u) = -425*u - 884. Give a(-2).
-34
Let y(l) = l**3 - 24*l**2 + 4*l + 62. What is y(24)?
158
Let f(b) = -2370*b - 80586. Determine f(-34).
-6
Let a(d) = 145*d + 584. Determine a(-4).
4
Let p(i) = i**2 + 311*i + 3048. Calculate p(-10).
38
Let g(n) = -358*n - 2502. Calculate g(-7).
4
Let i(s) = 3*s**3 - 305*s**2 - 414*s + 210. Calculate i(103).
4
Let w(f) = -6975*f - 34878. Give w(-5).
-3
Let m(q) = -50*q**2 + 235*q + 74. Give m(5).
-1
Let b(i) = -26*i - 73. Give b(5).
-203
Let q(z) = -25*z - 512. Determine q(-3).
-437
Let g(l) = 5*l**2 - 81*l + 63. Calculate g(22).
701
Let c(n) = n**3 - 16*n**2 + 28*n - 31. Calculate c(14).
-31
Let q(k) = -76*k + 108. Give q(1).
32
Let y(u) = -u**2 + 37*u + 12. Give y(39).
-66
Let l(g) = 3*g**2 + 2899*g + 31520. Calculate l(-11).
-6
Let v(q) = -2570*q - 35975. What is v(-14)?
5
Let n(u) = -6*u**2 + 36*u + 80. Calculate n(-2).
-16
Let i(d) = 121*d - 23954. Calculate i(198).
4
Let c(m) = -m - 93. Calculate c(-32).
-61
Let r(v) = 4*v**2 + 87*v - 21. Give r(-22).
1
Let j(u) = -105*u + 1275. Calculate j(12).
15
Let w(s) = -s**2 - 57*s + 113. Calculate w(2).
-5
Let r(x) = x**2 + 4*x + 32. Determine r(0).
32
Let k(q) = 33*q - 545. Determine k(17).
16
Let y(d) = -d**3 + 35*d**2 + 5*d - 195. Calculate y(35).
-20
Let h(t) = -2*t**3 + 3*t**2 - 33*t - 69. What is h(-2)?
25
Let v(p) = 2*p**2 - 89*p - 125. Give v(39).
-554
Let l(x) = 43*x**3 - 8*x**2 - 15*x + 13. Give l(-2).
-333
Let s(u) = -90*u**2 + 10*u + 3. Give s(-1).
-97
Let r(w) = -w**3 + 4*w**2 + 13*w + 24. Give r(7).
-32
Let f(t) = -t**3 + 20*t**2 - 66*t + 10. What is f(13)?
335
Let i(x) = -1067*x + 4273. Calculate i(4).
5
Let q(t) = 12*t - 22. Give q(-8).
-118
Let a(t) = 110*t - 2261. Determine a(20).
-61
Let k(u) = -9*u**2 + 19*u - 16. Determine k(2).
-14
Let h(d) = d**3 - 52*d - 73. What is h(-11)?
-832
Let d(u) = -16*u + 270. What is d(15)?
30
Let d(y) = 11*y + 108. Calculate d(-13).
-35
Let f(p) = -5*p**3 + 2*p**2 + 3897*p + 3895. What is f(-1)?
5
Let n(g) = 2*g**3 - 10*g**2 - 81*g + 350. Calculate n(4).
-6
Let p(w) = 2*w**3 - 13*w**2 - 17*w + 130. Calculate p(6).
-8
Let l(z) = -28*z**3 + 333*z**2 + 26*z + 120. Calculate l(12).
0
Let o(t) = -t**3 + 21*t**2 + 40*t - 394. What is o(22)?
2
Let f(n) = -n**2 + 26*n + 2304. Give f(63).
-27
Let k(d) = -6103*d - 18330. Determine k(-3).
-21
Let j(z) = 2*z**2 + 109*z - 661. Calculate j(-60).
-1
Let l(j) = -2*j**3 + 17*j**2 + 85*j - 22. What is l(12)?
-10
Let s(j) = -264*j - 15730. What is s(-60)?
110
Let o(n) = -n**3 + 20*n**2 + 18*n + 71. What is o(21)?
8
Let z(x) = -x**3 - 26*x**2 + 26*x - 35. Calculate z(-27).
-8
Let h(d) = d**2 - 188*d - 775. Calculate h(-4).
-7
Let w(d) = 2*d**2 + 36*d - 341. Give w(-25).
9
Let o(f) = f**3 - 41*f**2 + 8*f - 2090. Calculate o(42).
10
Let u(m) = 118*m - 5866. What is u(51)?
152
Let w(y) = 64*y + 9. What is w(-3)?
-183
Let d(s) = -s**3 + 18*s**2 + 35*s + 97. Give d(20).
-3
Let t(o) = 27*o + 200. Determine t(-8).
-16
Let a(d) = -21*d + 42. What is a(19)?
-357
Let i(r) = 38*r**3 - 4*r + 3. What is i(1)?
37
Let j(n) = -140*n - 18. Determine j(-1).
122
Let o(i) = -12*i**2 - 64*i + 46. Give o(-6).
-2
Let y(t) = -8*t**2 + 57*t - 52. Determine y(6).
2
Let d(q) = 118*q + 25. Calculate d(4).
497
Let k(g) = g**2 - 55701. Calculate k(236).
-5
Let h(k) = 1090*k + 23981. What is h(-22)?
1
Let k(d) = d**3 - 13*d**2 - 2*d + 125. Give k(12).
-43
Let l(x) = -6*x**3 - 66*x**2 - 3*x + 4. Give l(-11).
37
Let n(p) = -p**2 - 31*p - 255. What is n(-17)?
-17
Let r(b) = -b**3 - 10*b**2 + 19*b + 7. Calculate r(-12).
67
Let w(i) = -i**3 - 52*i**2 - 154*i - 341. What is w(-49)?
2
Let c(y) = -y**3 + 16*y**2 - 12*y - 48. Give c(14).
176
Let x(g) = -g**3 - 22*g**2 - 71*g - 12. Calculate x(-18).
-30
Let h(c) = 17*c**3 - 5*c**2 - 7*c - 2. Calculate h(-2).
-144
Let p(n) = -n**2 - 126*n - 2742. Determine p(-28).
2
Let k(r) = -14*r - 194. What is k(-14)?
2
Let n(f) = f**3 - 35*f - 90. Calculate n(-3).
-12
Let y(s) = -s**3 - 16*s**2 - 48*s + 21. Give y(-5).
-14
Let v(f) = f**3 - 74*f**2 + 144*f - 49. What is v(72)?
-49
Let k(m) = m**3 - 9*m**2 + 124*m - 644. Determine k(6).
-8
Let l(t) = t**3 - 6*t**2 - 22*t + 145. Determine l(6).
13
Let n(p) = 26*p + 1774. What is n(-69)?
-20
Let l(q) = q**3 - 4*q**2 + 22*q - 306. What is l(0)?
-306
Let r(c) = 2*c**3 - 10*c**2 - 33*c - 9. Give r(-3).
-54
Let s(p) = 169*p - 516. Determine s(3).
-9
Let w(j) = 46*j**3 - 6164*j**2 - j + 110. Calculate w(134).
-24
Let d(x) = -7*x**3 - 34*x**2 - 6*x + 11. Calculate d(-4).
-61
Let h(j) = j**2 + 1578*j + 9435. Calculate h(-6).
3
Let i(g) = -121*g + 711. What is i(6)?
-15
Let v(m) = -6*m**2 - 59*m - 414. Calculate v(-7).
-295
Let u(z) = -27*z - 62. Determine u(-3).
19
Let p(g) = -2*g**3 + 2*g**2 - 101*g + 202. Determine p(2).
-8
Let r(n) = -259*n - 779. What is r(-3)?
-2
Let r(m) = -m**2 + 165*m + 1887. Give r(-11).
-49
Let j(a) = 34*a - 321. What is j(13)?
121
Let q(v) = 48*v**2 - 2*v + 3. Determine q(2).
191
Let u(f) = -f**3 + 33*f**2 - 266*f - 29. Give u(16).
67
Let g(o) = 5*o**2 - 29*o - 359. Determine g(-6).
-5
Let s(n) = n**3 + 9*n**2 + 62*n + 588. What is s(-9)?
30
Let d(n) = 159*n - 7975. Determine d(50).
-25
Let f(h) = -3*h**2 - 114*h + 31. What is f(-42)?
-473
Let x(p) = -p**2 - 254*p - 8524. Give x(-40).
36
Let a(h) = -h**3 - 5*h**2 + 51*h - 19. Give a(-10).
-29
Let n(p) = -2491*p - 49821. What is n(-20)?
-1
Let p(n) = -31*n**2 - 151*n - 147. What is p(-4)?
-39
Let g(y) = -32*y - 321. What is g(-7)?
-97
Let x(n) = n**2 - 121*n - 1737. Calculate x(-13).
5
Let h(s) = -13*s**3 + 4*s**2 - 11*s - 9. Calculate h(-2).
133
Let g(b) = -1449*b - 4405. Give g(-3).
-58
Let h(b) = 2*b**3 + 165*b**2 + 110*b + 2300. Determine h(-82).
4
Let m(u) = -u**2 + 4*u + 185. Determine m(-12).
-7
Let y(l) = -l - 100. Calculate y(-107).
7
Let w(n) = -90*n + 1566. What is w(19)?
-144
Let n(m) = -m**3 + 3*m**2 + 43*m - 108. Calculate n(7).
-3
Let v(z) = z**3 - 4*z**2 - 2*z - 4. Give v(-2).
-24
Let s(o)